18362.
2, 9181
What are the prime factors of 206?
2, 103
List the prime factors of 2486.
2, 11, 113
List the prime factors of 16618.
2, 7, 1187
What are the prime factors of 14843?
14843
List the prime factors of 1713.
3, 571
List the prime factors of 97204.
2, 19, 1279
What are the prime factors of 60798?
2, 3, 10133
What are the prime factors of 20996?
2, 29, 181
List the prime factors of 27365.
5, 13, 421
List the prime factors of 2278.
2, 17, 67
What are the prime factors of 5165?
5, 1033
List the prime factors of 50251.
31, 1621
List the prime factors of 4018.
2, 7, 41
List the prime factors of 4134.
2, 3, 13, 53
List the prime factors of 4718.
2, 7, 337
What are the prime factors of 25872?
2, 3, 7, 11
What are the prime factors of 1483?
1483
List the prime factors of 252.
2, 3, 7
What are the prime factors of 300?
2, 3, 5
What are the prime factors of 10521?
3, 7, 167
List the prime factors of 1379.
7, 197
What are the prime factors of 12209?
29, 421
What are the prime factors of 9191?
7, 13, 101
What are the prime factors of 17722?
2, 8861
List the prime factors of 922.
2, 461
List the prime factors of 78913.
23, 47, 73
List the prime factors of 580.
2, 5, 29
List the prime factors of 2023.
7, 17
List the prime factors of 45310.
2, 5, 23, 197
What are the prime factors of 777?
3, 7, 37
List the prime factors of 2935.
5, 587
List the prime factors of 6657.
3, 7, 317
List the prime factors of 15619.
15619
List the prime factors of 1407.
3, 7, 67
What are the prime factors of 43112?
2, 17, 317
What are the prime factors of 23898?
2, 3, 7, 569
List the prime factors of 2963.
2963
What are the prime factors of 200471?
307, 653
List the prime factors of 1613.
1613
List the prime factors of 887.
887
What are the prime factors of 29838?
2, 3, 4973
List the prime factors of 2703.
3, 17, 53
What are the prime factors of 3120?
2, 3, 5, 13
List the prime factors of 542.
2, 271
What are the prime factors of 39833?
61, 653
List the prime factors of 27705.
3, 5, 1847
What are the prime factors of 579?
3, 193
What are the prime factors of 84056?
2, 7, 19, 79
What are the prime factors of 54153?
3, 11, 547
What are the prime factors of 128703?
3, 42901
List the prime factors of 3257.
3257
What are the prime factors of 78891?
3, 26297
List the prime factors of 1427.
1427
What are the prime factors of 6305?
5, 13, 97
List the prime factors of 92819.
101, 919
What are the prime factors of 83333?
167, 499
List the prime factors of 68025.
3, 5, 907
What are the prime factors of 6252?
2, 3, 521
What are the prime factors of 2768?
2, 173
List the prime factors of 5919.
3, 1973
What are the prime factors of 11340?
2, 3, 5, 7
What are the prime factors of 32637?
3, 11, 23, 43
What are the prime factors of 36785?
5, 7, 1051
List the prime factors of 48427.
79, 613
List the prime factors of 52.
2, 13
List the prime factors of 29139.
3, 11, 883
List the prime factors of 523.
523
What are the prime factors of 58179?
3, 11, 41, 43
List the prime factors of 3167.
3167
List the prime factors of 41472.
2, 3
List the prime factors of 53706.
2, 3, 8951
List the prime factors of 744.
2, 3, 31
List the prime factors of 18227.
11, 1657
List the prime factors of 180444.
2, 3, 11, 1367
What are the prime factors of 15465?
3, 5, 1031
What are the prime factors of 5561?
67, 83
What are the prime factors of 8768?
2, 137
What are the prime factors of 32787?
3, 3643
List the prime factors of 32146.
2, 16073
What are the prime factors of 895?
5, 179
List the prime factors of 125221.
125221
List the prime factors of 13164.
2, 3, 1097
List the prime factors of 4211.
4211
List the prime factors of 40880.
2, 5, 7, 73
What are the prime factors of 4890?
2, 3, 5, 163
What are the prime factors of 2879?
2879
List the prime factors of 42661.
37, 1153
List the prime factors of 17086.
2, 8543
What are the prime factors of 6263?
6263
What are the prime factors of 141860?
2, 5, 41, 173
What are the prime factors of 5515?
5, 1103
What are the prime factors of 3289?
11, 13, 23
List the prime factors of 1271.
31, 41
List the prime factors of 4724.
2, 1181
What are the prime factors of 94430?
2, 5, 7, 19, 71
List the prime factors of 6204.
2, 3, 11, 47
List the prime factors of 41678.
2, 7, 13, 229
What are the prime factors of 2214?
2, 3, 41
What are the prime factors of 1037?
17, 61
What are the prime factors of 30653?
7, 29, 151
What are the prime factors of 2454?
2, 3, 409
What are the prime factors of 2108?
2, 17, 31
List the prime factors of 26368.
2, 103
What are the prime factors of 112244?
2, 11, 2551
What are the prime factors of 566?
2, 283
List the prime factors of 7081.
73, 97
What are the prime factors of 376?
2, 47
What are the prime factors of 3157?
7, 11, 41
List the prime factors of 1344.
2, 3, 7
What are the prime factors of 64053?
3, 11, 647
What are the prime factors of 24456?
2, 3, 1019
List the prime factors of 3513.
3, 1171
List the prime factors of 2223.
3, 13, 19
What are the prime factors of 33666?
2, 3, 31, 181
List the prime factors of 2511.
3, 31
List the prime factors of 3294.
2, 3, 61
List the prime factors of 194.
2, 97
What are the prime factors of 3740?
2, 5, 11, 17
What are the prime factors of 1836?
2, 3, 17
List the prime factors of 51004.
2, 41, 311
What are the prime factors of 2227?
17, 131
List the prime factors of 328.
2, 41
List the prime factors of 18474.
2, 3, 3079
What are the prime factors of 29841?
3, 7, 29
What are the prime factors of 22948?
2, 5737
What are the prime factors of 2795?
5, 13, 43
List the prime factors of 529.
23
What are the prime factors of 39773?
31, 1283
List the prime factors of 70731.
3, 29, 271
What are the prime factors of 1594?
2, 797
List the prime factors of 24127.
23, 1049
What are the prime factors of 29?
29
What are the prime factors of 12627?
3, 23, 61
What are the prime factors of 3422?
2, 29, 59
What are the prime factors of 663?
3, 13, 17
List the prime factors of 7284.
2, 3, 607
What are the prime factors of 292?
2, 73
What are the prime factors of 2029?
2029
What are the prime factors of 12206?
2, 17, 359
What are the prime factors of 3666?
2, 3, 13, 47
What are the prime factors of 2161?
2161
List the prime factors of 50429.
211, 239
List the prime factors of 30539.
30539
List the prime factors of 69539.
69539
What are the prime factors of 50040?
2, 3, 5, 139
What are the prime factors of 5607?
3, 7, 89
What are the prime factors of 15441?
3, 5147
List the prime factors of 160950.
2, 3, 5, 29, 37
List the prime factors of 9257.
9257
What are the prime factors of 5450?
2, 5, 109
What are the prime factors of 50507?
17, 2971
What are the prime factors of 724?
2, 181
What are the prime factors of 5369?
7, 13, 59
List the prime factors of 915.
3, 5, 61
What are the prime factors of 31814?
2, 15907
What are the prime factors of 1861?
1861
What are the prime factors of 1471?
1471
List the prime factors of 5.
5
List the prime factors of 428.
2, 107
What are the prime factors of 1772?
2, 443
List the prime factors of 27537.
3, 67, 137
List the prime factors of 12290.
2, 5, 1229
List the prime factors of 8.
2
List the prime factors of 8875.
5, 71
What are the prime factors of 44771?
44771
List the prime factors of 41046.
2, 3, 6841
What are the prime factors of 5513?
37, 149
What are the prime factors of 19541?
19541
What are the prime factors of 336?
2, 3, 7
List the prime factors of 85.
5, 17
What are the prime factors of 3421?
11, 311
List the prime factors of 2979.
3, 331
What are the prime factors of 86171?
86171
What are the prime factors of 14505?
3, 5, 967
What are the prime factors of 4937?
4937
List the prime factors of 3456.
2, 3
What are the prime factors of 46112?
2, 11, 131
What are the prime factors of 34150?
2, 5, 683
What are the prime factors of 907?
907
List the prime factors of 2370.
2, 3, 5, 79
What are the prime factors of 5584?
2, 349
List the prime factors of 11096.
2, 19, 73
List the prime factors of 2195.
5, 439
List the prime factors of 6854.
2, 23, 149
List the prime factors of 1183.
7, 13
What are the prime factors of 9261?
3, 7
What are the prime factors of 55227?
3, 41, 449
What are the prime factors of 120175?
5, 11, 19, 23
What are the prime factors of 3195?
3, 5, 71
What are the prim